Determine a(x).
14
Suppose 0 = 4*v - 22 - 14. Let m(w) = -w**2 + 1055 + 1053 - 10*w**2 + 1062 + w**3 + 1059 + 13*w - 4225. Determine m(v).
-41
Let u(w) = 7097*w - 14206*w + 7091*w + 4 + w**2. Determine u(19).
23
Let a(v) be the third derivative of -5*v**4/12 + 289*v**3/6 + 41*v**2 - 10*v. What is a(28)?
9
Let s be 0 + 1 + -69 + 68. Let v be (3 - 1) + 0 + 14. Suppose s = v*i - 35*i - 114. Let y(c) = c**2 + 8*c + 7. What is y(i)?
-5
Let z be 2/(6/12*2/(-3)). Let q(j) = -3*j**2 + 2 - 4 + 2*j**2 + 5 - 2*j. What is q(z)?
-21
Let t(j) = -62*j + 55*j + 51 + 14 + 3*j. Determine t(17).
-3
Let s(y) be the second derivative of -54*y - 1/10*y**5 - y**2 - 1/6*y**4 + 0 - 1/6*y**3. Let p = 0 - 2. What is s(p)?
8
Let s(o) = -o**2 + o + 6. Suppose -19*u + 13*u + 30 = 0. Suppose 4*v - 3*z = u, 5 = v + 4*z - z. Suppose -3*p + 0*y + 12 = 3*y, v*p - 11 = y. Give s(p).
-14
Let y be ((-4)/(-60))/(((-224)/40)/(-7)). Let x(r) be the third derivative of -1/120*r**6 - 1/6*r**3 - y*r**4 - 15*r**2 + 1/10*r**5 + 0*r + 0. Calculate x(6).
-13
Suppose -140*t = -133*t - 308. Suppose -9*k - t*k + 371 = 0. Let z(c) be the first derivative of -c**2/2 + 14*c - 1. Calculate z(k).
7
Let n(f) = 2*f - 53. Suppose o + 258 = -13*o + 692. Give n(o).
9
Let h(f) = 7*f**2 - 5*f + 83. Let z(r) = 16*r**2 - 11*r + 180. Let u(k) = 13*h(k) - 6*z(k). Let w be ((3 + -2)*-2)/(-2). Give u(w).
-5
Let b(r) be the second derivative of -r**4/12 - 3*r**3/2 - r**2 + 11*r - 3. Let u(y) = -y**3 + 7*y**2 + 5*y + 17. Let a be u(8). What is b(a)?
12
Let z(i) = i**2 - 11*i - 9. Let g(b) = 2*b**2 - 23*b - 19. Suppose -2*p = 5*v + 28, -2*v + 32 = -5*v - 5*p. Let t(m) = v*g(m) + 9*z(m). Determine t(6).
-11
Let t(a) = -a**3 + 6*a**2 + 7*a + 3. Let r be (-1)/(-2) - 4/16*-26. Let j be t(r). Suppose 3 + 2 = h + 5*x, -3*h + 33 = -j*x. Let k(o) = -o + 14. Give k(h).
4
Let a(c) = -2*c**2 + 22*c + 7. Let z be (2*12/(-40))/((-18)/300). Give a(z).
27
Let m(p) = 6*p + 19. Let v(k) = -k - 1. Let w = 6 + -10. Let o(f) = w*v(f) - m(f). Let d be ((-8)/6)/(-2) - 735/63. Calculate o(d).
7
Let l(f) = 2*f**3 - 83*f**2 + 41*f + 5. Suppose 49*h - 3119 = -19*h - 331. Give l(h).
5
Let n = 12096 - 12094. Let v(o) = 19*o**2 - 6*o + 6. Give v(n).
70
Let j(z) = -z**3 + 23*z**2 - 35*z - 85. Let g(l) = l**2 - 24. Let f(t) = -3*g(t) + j(t). Determine f(18).
5
Suppose -6 + 72 = 3*w. Let o be 2*20/w + 78/429. Let p(x) = 6*x**2 - 4*x + 2. Give p(o).
18
Suppose 62*h - 102*h = 162*h - 1010. Let m(v) = -v - 3. Let x be m(-3). Let s(k) = -2*k**2 + 3*k**2 - 4 + x - 4*k. What is s(h)?
1
Let m(t) = 63*t + 510. Let u = 12167 + -12175. Determine m(u).
6
Let n(r) be the second derivative of 86*r**3/3 - 9*r**2/2 + 2*r - 1048. What is n(0)?
-9
Suppose 0 = 5*h + 5*t - 25, 3*h + 0*h - 39 = 3*t. Let i(u) be the first derivative of u**4/4 - 3*u**3 + u**2/2 - 12*u + 282. Determine i(h).
-3
Let w = -1196 + 1190. Let g(x) = x**3 + 7*x**2 + 11*x + 1. Give g(w).
-29
Let v(i) = 368*i + 3323. Let c be v(-9). Let k(d) be the third derivative of 0 + 1/3*d**3 + 0*d + 3/8*d**4 + c*d**2. What is k(-2)?
-16
Let l(z) = -4*z**3 - z**2 - 2. Let t(o) = -17*o**3 + 2*o**2 - 10*o - 1. Let s(i) = 4*l(i) - t(i). Calculate s(4).
1
Let x = 1468 + -2130. Let v = x - -658. Let t(n) = -n**2 - 11*n - 5. What is t(v)?
23
Let b(t) = -t**3 - 7*t**2 - 7*t - 4. Let f be b(-6). Suppose f*c = 5*c - 9. Let j(i) = -16 - i**c + 3*i + 3*i + 15 + 6*i**2. Give j(7).
-8
Let y(r) = -35*r + 15*r - 6*r + 178 - 45*r - 602. Determine y(-6).
2
Let t(w) be the third derivative of -w**6/60 - 11*w**5/10 - w**4/24 - 29*w**3/6 - 399*w**2. What is t(-33)?
4
Suppose -2*m = 4, 15*m - 13*m + 4 = 3*c. Suppose c = -4*o + 86 - 66. Let t(g) = g**2 - 2*g + 1. What is t(o)?
16
Let y(w) be the third derivative of w**5/60 - w**4/6 - w**3/6 - w**2. Let h be 15/(-18*(-90)/648). Give y(h).
11
Let d(p) = -2 - 11*p**2 + 7 + 25*p + 5*p**2 + 0. Determine d(4).
9
Let k = -33 - -37. Let a be (k - -1)*(-54)/15. Let c be ((-10)/(-30))/((-2)/a). Let h(z) = -6*z + 1. Calculate h(c).
-17
Let r(h) = -9*h - 2. Let g(s) = 6*s + 2. Let m(b) = 8*g(b) + 5*r(b). Calculate m(8).
30
Suppose 0*d + 5*d = 250. Let u = d - 40. Suppose 3*w = w + u. Let g(q) = q**2 - 5*q - 3. Determine g(w).
-3
Let i(d) = -22. Let f(g) = g + 60. Let q(t) = -f(t) - 2*i(t). Let x(w) = -w - 16. Let r be x(-7). Calculate q(r).
-7
Suppose 348*p + 346*p - 40 = 699*p. Let d(r) = -7*r - 54. Give d(p).
2
Let f(v) = -12*v + 6*v**2 + v**2 - 1 - 6*v**2 + 2. Let m(l) = -18*l**2 + 74*l + 4. Let u be m(4). Give f(u).
1
Let u(r) = -16*r**3 - 36*r**2 - 80*r + 11. Let x(k) = -7*k**3 - 18*k**2 - 40*k + 6. Let v(o) = -4*u(o) + 9*x(o). Give v(20).
10
Let l(b) = 2*b**2 - 7*b**3 - 17*b + 6*b**3 - 8*b**2 + 13*b + 3. Let k be 105/7*1*1/(-3). What is l(k)?
-2
Let x = 23950 + -23939. Let b(z) = 16*z**2 - 176*z - 4. Calculate b(x).
-4
Let q = -2075 + 2084. Let f(k) = -3*k + 18. What is f(q)?
-9
Suppose 20*i + 397126 = 397106. Let d(x) = -7*x + 3. Let u(w) = -3*w + 2. Let f(p) = -6*d(p) + 10*u(p). Give f(i).
-10
Let l(u) = -21*u**3 - 3*u**2 + 4*u - 4. Let o(s) = -4*s**3 - 2*s**2 - 2. Let n(h) = l(h) - 5*o(h). Determine n(6).
66
Let i(a) = 1090*a + 5455. Let u be i(-5). Let v(p) = -8*p + 36. Give v(u).
-4
Let l(s) be the second derivative of s**5/2 - s**2/2 + 419*s. Suppose 6*i = i - 25. Let g be (-5)/(-4) + i/20. Determine l(g).
9
Let p(m) be the third derivative of m**7/2520 + m**6/120 + 4*m**5/5 - 47*m**2. Let t(b) be the third derivative of p(b). What is t(5)?
16
Let g be 20/(-4) - (0 + 114). Let v = -80 - g. Let f = v - 43. Let c(i) = i**3 + 3*i**2 - 4*i + 1. Determine c(f).
1
Let o be (-7403)/(-44) - (-9)/12. Suppose -o = -31*b - 14. Let f(a) = a**2 - 4*a + 5. What is f(b)?
10
Let s(j) = -10*j - 31. Suppose 0 = 4*g - 4*n + 16, 3*n - 2*n + 2 = -2*g. Let i be s(g). Let m(h) = h**2 + 11*h + 5. Calculate m(i).
5
Let w(x) = x**3 - 4. Suppose j + 45 + 89 = 0. Let m = j - -136. Suppose m*g + 0*v + 5 = v, -3*g = -v + 5. Give w(g).
-4
Suppose 5*j = 6*j - 2. Let o(n) = n + 3*n**j + 8*n**2 + 10*n**2 + 0*n**2. Suppose -5*y = -u - 24, 4*u + 0*y - 29 = -5*y. What is o(u)?
22
Let n(d) = -d - 4*d**2 - 2*d**3 + 5*d**2 + 3*d**3 + 6 - 2*d**3. Let z be 6/33 + (-18)/99. Give n(z).
6
Let s be 50/13 + 2/13. Let o(m) = s*m**2 + 7*m - m**3 + 0*m**2 - 5 - 2*m**2. Suppose -116*n + 192 = -68*n. Determine o(n).
-9
Let w(u) = -62659*u**2 + 0 + 62660*u**2 + 2 + 0 + 4 - 8*u. What is w(4)?
-10
Suppose -u - 5 = -1. Let t(g) be the first derivative of -g**2/2 + 3*g - 8771. What is t(u)?
7
Let k(z) be the second derivative of z**5/20 + 5*z**4/12 + 7*z**3/6 + 4*z**2 + 3197*z. Determine k(-4).
-4
Let f(d) = d + 1. Let p be f(10). Suppose -p = -3*r - 2. Let b be (r - -1)/(-4)*3. Let i(n) = -n - 2. What is i(b)?
1
Let w(d) = d**2 + 6*d - 1. Let f(q) = 5*q**2 + 91*q + 12. Let r be f(-18). Give w(r).
-1
Let j(y) = -y**2 + 3*y - 5. Suppose 19*p + 222 = 17*p. Let u be (p/(-18) + -5)*6. Give j(u).
-33
Let r(m) = -m**2 + 9*m + 12. Let p(n) = 3*n - 23. Let h be p(11). Let v be r(h). Let u(w) = 0*w**2 - 2*w**3 - 3*w**v + w**3 + 5 + 4*w. Determine u(-4).
5
Let s be 8/(-2) - 1 - 2. Let g = 79 - 82. Let l(a) = 6*a + 29. Let v(b) = 7*b + 39. Let o(m) = g*l(m) + 2*v(m). Determine o(s).
19
Let p = -247 - -247. Suppose 23*u - 21*u + 12 = p. Let m(b) = b**2 + b - 4. Determine m(u).
26
Let r(k) = k**2. Let l be 6 - (308/22 - (-2 + -1 - -8)). Determine r(l).
9
Let b = -5912 + 5906. Let z(o) = -3*o**3 - 14*o**2 + 25*o + 12. Determine z(b).
6
Let j(l) be the first derivative of 2*l**2 + 1/2*l**4 + 40 - 2/3*l**3 - l. Let b(z) = 2*z**3 - z**2 + 5*z - 2. Let d(v) = -3*b(v) + 4*j(v). Give d(3).
14
Let y(f) be the first derivative of -3*f**4/4 + f**3/3 - f**2 + f - 990. Suppose -17 = -0*u - 5*u + 3*x, 0 = -2*u - 5*x - 18. What is y(u)?
-3
Suppose -48 = 9*s + 6. Let h be 314/18*3 + 2/s. Let b = -58 + h. Let z(y) = 3*y + 6. What is z(b)?
-12
Suppose -2*d + 6*d = -5*l + 41, 2*l + d = 14. Let g(t) = t**3 - 4*t**2 - t + 2. Give g(l).
22
Let h(x) = -x**3 + 5*x**2 + x - 2. Let z = 2131 - 2125. What is h(z)?
-32
Let j = 89 + -82. Let p(o) = -1 + 0*o + o + 0*o + j*o**2 - 8*o**2. Let b be (-13)/3 + (-4)/(-12). What is p(b)?
-21
Let c(q) = -12*q**3 - q**2 + q - 1. Let n be (-2)/(-4)*(1 + 11). Suppose 10 = -k + n*k. Suppose k*v = -0*v + 2. Calculate c(v).
-13
Let v